be l(11). Suppose -5*f - 37088 = 33*f. Let t = u - f. Is t a composite number?
True
Let o(f) = -1264*f + 1. Let d be o(1). Let l(c) = 124*c**2 - 32*c - 146. Let t be l(-4). Let b = d + t. Is b a composite number?
True
Let o be (-1)/((-5)/(25/1)). Let i(l) = 34*l**3 + l**2 - 3*l + 11. Is i(o) prime?
True
Let t = 126 - 123. Is (-5)/(40/(-11264)) - t/(-1) a composite number?
True
Let p be ((-3)/7)/(40/(-280)). Suppose 160755 - 5061 = p*m - 3*w, 0 = 5*m - 4*w - 259485. Is m a composite number?
False
Let w be (9 + 253/33)/(4/(-1494)). Let z = 11792 + w. Is z a prime number?
False
Let n(q) = -1 - 6*q + 0 + 9*q + 7559*q**2 - 2*q. Is n(1) a composite number?
False
Let n be -2 + 6 + -4 + 2. Let g(l) = 6*l + 18*l**n + 0*l + l + 5. Is g(8) composite?
False
Suppose 71*n = 72*n - 3*a - 19707, -4*n - 4*a + 78732 = 0. Is n prime?
False
Let x(h) = -2*h**3 - 34*h**2 - 27*h - 7. Let c(f) = f**3 + 17*f**2 + 14*f + 3. Let z(a) = -11*c(a) - 6*x(a). Is z(-14) a prime number?
False
Suppose 164*b + 2*w - 65533 = 163*b, 2*w - 14 = 0. Is b composite?
False
Let t = 16089 + -9094. Suppose -t = 122*i - 127*i. Is i prime?
True
Let r = -143 - -160. Suppose r*o + 23311 + 8751 = 0. Let h = 6951 + o. Is h prime?
False
Let i = 310255 + -144092. Is i a prime number?
False
Suppose -4*i + o + 475006 = 0, -i - 5*o = -9*o - 118729. Is i composite?
True
Suppose r + 3*o - 61 = 0, 2*r + o = -2*r + 211. Suppose 0 = 5*g + 5*s - 100, g + g = -5*s + r. Let u = 27 + g. Is u a prime number?
True
Suppose -4*h + 698157 = 4*z + 63817, 317140 = 2*z - 3*h. Is z composite?
True
Let c(b) = -b**3 + 4*b**2 - 3*b + 3. Suppose 18*g - 16*g = 6. Let f be c(g). Let n(x) = 238*x + 23. Is n(f) prime?
False
Let x(y) = -595*y - 379. Is x(-12) prime?
True
Let t(h) = 3*h + 671. Suppose -z + 15 = -w, -2*z + 3 = -z. Let g = w - -12. Is t(g) a composite number?
True
Suppose 3*t + w = 5*w - 3477, 3*t + 3504 = -5*w. Suppose -4*b - 294 = -7*b. Let c = b - t. Is c a prime number?
False
Let k = 140 + 1. Is (6 + -6)/(-3) + k a composite number?
True
Let f be (88/(-132))/((-17)/(-15) - 1). Is 4/(-5) - (7 + 43054/f) composite?
True
Let m = 315 + -312. Is 26 + -25 + (-1 - (-2019)/m) a composite number?
False
Let w(x) = -5 - 758*x - 2*x**2 + 753*x - 395*x**3 - 3*x**2 + 4*x**2 - 3*x**2. Is w(-3) a prime number?
True
Suppose -5*n + 169007 = -2*m, 0 = 5*n - n - m - 135202. Is n a composite number?
True
Let k = 527835 + -155102. Is k prime?
True
Suppose 2*l = 3*l + 2*i - 1589, 0 = -5*l - 3*i + 7938. Suppose -3*v - 12 = 0, -10*o = -9*o - 5*v - l. Is o a composite number?
False
Let x = 49 - 46. Let g(n) = 77*n + 1. Let u be g(x). Suppose -3*c + 530 + u = 0. Is c prime?
False
Let j be (24/20)/(-2 + (-26928)/(-13460)). Suppose 18748 = o + j. Is o prime?
True
Let d(g) = -8780*g**3 + 5*g**2 + 26*g + 66. Is d(-3) a composite number?
True
Suppose 5*y - 8 = 3*y. Suppose 0*g - y*g = 0. Suppose 4*n + 484 - 7320 = g. Is n prime?
True
Suppose 0 = 11*f - 13*f + 28. Is 5697/5 - f/35 composite?
True
Suppose 29*p = 27*p. Suppose p = 3*r - y + 3*y - 68, -3*y + 12 = 0. Is 1*331*5 - (-22 + r) composite?
False
Suppose -5*h = -4*z + 48, 6*z + 3*h - 63 = 3*z. Suppose 0 = -v + 4*i, -v + 6*v - z = 3*i. Suppose -v*y - 736 = -1772. Is y a prime number?
False
Is (7173/(-9))/((-1 + 0)*(-2)/(-94)) composite?
True
Let k(i) be the third derivative of -16*i**5/15 + i**4/12 - 2*i**3/3 + 17*i**2. Let o be k(-3). Is (1 + 0)/((-2)/o*1) composite?
False
Let t(j) be the first derivative of j**3/3 - 10*j**2 + 41*j - 2. Let u be t(18). Suppose -3*l - 2*g = 2*g - 1007, u*g = 4*l - 1353. Is l prime?
True
Let n(x) = x + 10. Let w = -19 + 9. Let k be n(w). Is -1 + 2 - k - -111*2 a composite number?
False
Suppose -5*n - 3 = -m, -2*m + 3 = 2*n - 3. Suppose -u = w - 1, 4*w - 1 = m*u + 3*w. Let y(h) = 2*h**2 + 2*h + 541. Is y(u) prime?
True
Suppose -22 = 4*d + n - 101, -3*n = -9. Let v be (-4 + 404/2)*d. Suppose 4*p - 1306 = v. Is p composite?
True
Let i = -292 + 282. Let z(f) = -f**2 + 1 - 8 - 6*f**2 - 20*f - f**3. Is z(i) a composite number?
True
Let d(r) = 849*r + 616. Is d(18) a prime number?
False
Let a be (-2)/7 + 851/161. Let s(u) = 10*u**2 + 2*u - 9. Is s(a) a prime number?
True
Suppose 4*o = -4*s - 40, 3*o + 5*s + 4 = -36. Is (-2)/((-2)/o) + 2902 prime?
True
Let b be (-25)/(-10)*6/5. Suppose b*f - 6453 = -1299. Is (2 + 36/(-8) - -3)*f a prime number?
True
Is 7/(112/1887440) + 18 a composite number?
True
Suppose -16*m + 11*m = 4*y + 38264, -47830 = 5*y - 2*m. Is ((-12)/(-8))/((-3)/y) composite?
False
Let t be 40/80 + 91677/(-2). Is 6/(-4)*(-15)/((-585)/t) composite?
True
Let t = -404 + 434. Is (4126/4)/(t/(-12) + 3) composite?
False
Let c(z) = 46019*z + 254. Is c(7) a prime number?
False
Let o = -35430 + 62363. Is o prime?
False
Suppose 4*x - 2*n + 3*n = -16, 0 = -5*x + n - 20. Let l be ((-23312)/11)/x + (-8)/(-44). Suppose -14*y + l = -4*y. Is y prime?
True
Let c(n) be the first derivative of -11 - 21*n - 73*n**2 + 227*n**2 + 29. Is c(4) prime?
False
Let s(m) be the first derivative of -m**4/4 + m**3/3 - m**2/2 + 257*m + 24. Is s(0) prime?
True
Let t be ((-12)/10 - -2)*(-110)/(-4). Suppose -27 + t = w. Let p(x) = -19*x + 24. Is p(w) prime?
False
Let f = 3 + 1. Suppose -z = -7 + f. Suppose z*c - 12 = -0*s - 5*s, -5*s - 51 = -4*c. Is c a prime number?
False
Let q = -20161 - -28569. Suppose 3*k + 3*p - 6317 = 8*p, 4*k - q = 3*p. Is k prime?
True
Let z(l) = 779*l + 363. Let k = 803 - 789. Is z(k) a prime number?
False
Suppose -27*h + 385988 - 137669 = 0. Is h prime?
False
Let a(o) = 14812*o**3 + 2*o**2 - 70*o + 69. Is a(1) composite?
False
Let u be -3 + -5 + 8 - (-2 - 2). Suppose -3*q + u*m + 3270 = 0, 0 = -q - 4*m - m + 1109. Is q a composite number?
True
Let m be 21*18/(-21)*170. Let k = m + 16601. Is k/66 - (-2)/(-12) prime?
False
Suppose -3915575 + 65016 = -0*g - 19*g. Is g composite?
False
Let y = -74622 - -129865. Is y a prime number?
True
Let c = 6 - 96. Let r be (-67*60/(-9))/((-4)/c). Is 3 + r/8 - 2/8 composite?
False
Let k = 76 + -110. Let a = k - -34. Suppose 0 = 3*o - z - 720 + 151, -2*o + 5*z + 362 = a. Is o prime?
True
Let u be -20*(-12)/96 - (-3)/2. Suppose u*j = 12, 9*j - 5*j = -k + 25. Is k a prime number?
True
Let o(n) be the third derivative of 149*n**4/8 - 10*n**3/3 + 19*n**2 + 2. Is o(7) prime?
True
Let y(n) = n**2 + 4*n - 2. Let z be y(-6). Let o(d) = d**2 - 10*d + 4. Let b be o(z). Let x(u) = 290*u**2 - 6*u + 5. Is x(b) composite?
False
Let b = -169039 + 557628. Is b composite?
True
Suppose 0*y - 4*y - 55 = -h, 0 = -5*h - 5. Let t(w) = w**3 + 21*w**2 + 21*w - 19. Is t(y) a composite number?
True
Let z(m) = 4*m - 6. Let l be z(3). Let s be 0/1 + -2 + 1851. Suppose 5*c - s = -2*q, 3*q = l*c - c - 1864. Is c prime?
False
Let q(s) = 58*s**2 - 138*s - 31. Is q(15) a prime number?
True
Let l be (10/(-5))/2 + 56635. Suppose -3*h = -2*i + l, -5*h - 3*i - 94403 = -2*i. Is (-3)/2*(h/12 + -2) a prime number?
False
Let m(c) = -c**3 + c**2. Let o(p) = -p**3 + 2*p**2 - 9*p + 9. Let x(n) = 2*m(n) - o(n). Let h be x(-6). Let z = 38 + h. Is z a prime number?
True
Let t = -50 + 161. Let l = t - 109. Suppose -53220 = -10*h - l*h. Is h a prime number?
False
Let x = -222 + 229. Suppose x*u - 5807 - 10790 = 0. Is u composite?
False
Is 1860380/12*36/60 prime?
False
Let m(d) = d**3 + 9*d**2 + d + 4. Let v be m(-5). Suppose -v*s + 4 = -95*s. Let l(n) = 1103*n. Is l(s) composite?
False
Let p = -185868 + 301161. Is p a prime number?
False
Let z be -2 + -35 + -2*1/(-1). Let x = 35 + z. Suppose 0 = -x*s + 2*s - 2*c - 742, 5*c = 4*s - 1484. Is s prime?
False
Suppose -188*l + 12573254 = -70*l. Is l a prime number?
False
Suppose -2*q - q = 3*s, 0 = -s - 5. Suppose 2*n - 770 = q*a - a, 4*n = -3*a + 1507. Is n prime?
True
Let g be (-70)/(-15) - (-12)/9. Is 5 - (-47910)/(30/g) a prime number?
True
Let o be 6/((-4 + (0 - 0))/(-2)). Let m(h) = 13*h**2 - 2*h + 8. Let y be m(o). Is y + 5 + -4 - (-3 + 0) prime?
False
Let a = 82 + -37. Let r be -24*(-4 - a/(-20)). Suppose 40*i = r*i - 502. Is i a composite number?
False
Suppose -137264 = 96*f - 112*f. Is f a prime number?
False
Let f(h) = 12*h**3 - 4*h**2 - 5*h. Let q be f(10). Let v = 16277 - q. Is v a composite number?
True
Let w be (-26 - -2452) + 1 + -6. Suppose 2*n = i - w, i + i - 4851 = -5*n. Is i a prime number?
True
Let x be